ive w(z).
-17
Suppose 4*y = 4*b + 36, 92 - 105 = 3*b - y. Let k(h) = -2*h**2 - 17*h - 29. Give k(b).
-3
Let b = -2957 + 2965. Let z(a) = 2*a - 26. What is z(b)?
-10
Let v(y) = -13*y - 4. Let m(p) = 10*p + 7. Let r(a) = -9*m(a) - 6*v(a). Determine r(-3).
-3
Let y(r) = -r**2 - 12*r - 12. Let k(n) = n**2 + 9*n - 42. Let p be k(8). Let w = -103 + p. What is y(w)?
15
Let n(r) = 3*r**2 + 4*r + 10. Let v(i) = 2*i**2 + 4*i + 11. Let o(y) = 3*n(y) - 4*v(y). Suppose -4*g = -0*j + 3*j - 33, 3*g - 4*j = 6. Give o(g).
-2
Let w(u) be the third derivative of 0*u + 11/6*u**3 + 1/24*u**4 + 23*u**2 + 0. Let p be ((-6)/(-2))/(-3) + -8. Determine w(p).
2
Let b(k) = -168*k**2 + 169*k**2 + 0*k**3 + 4 - 6*k + 4*k - k**3. Give b(3).
-20
Let t(r) = -r**2 + r + 151. Suppose -25*v - 158 = 54*v + 790. What is t(v)?
-5
Let b(v) = -2*v**3 + v - 12*v**2 - 6 + 6*v**2 + v**3. Let y be 1*-6*(-6)/9. Let s be y/((-6)/9 - 0). Determine b(s).
-12
Let q(r) = -13*r**3 - 7*r**2 + 60*r + 61. Let x be q(-1). Let a(l) = l - 18. Calculate a(x).
-11
Let f(b) be the third derivative of -1/60*b**5 + 1/6*b**4 + 1/2*b**3 + 80*b**2 + 0 + 0*b. Give f(3).
6
Let a(d) be the first derivative of -d**2/2 + 3*d + 1521. Let f be (-128)/(-22) + (-4)/(-22). Calculate a(f).
-3
Let q(a) = 2*a - 5. Let c(i) = 3*i**3 + 15*i**2 - 25*i - 81. Let m(v) = -2*v**3 - 7*v**2 + 14*v + 40. Let g(w) = 3*c(w) + 5*m(w). Let l be g(9). Calculate q(l).
-19
Let v(g) = 64*g**2 + 44*g - 138. Let c(h) = -18*h**2 - 15*h + 46. Let f(k) = -7*c(k) - 2*v(k). Give f(6).
-16
Let w(k) be the second derivative of -k**5/20 + 3*k**4/4 + 7*k**3/3 - 6*k**2 - 95*k. Let u(h) = -2*h**2 + 15*h - 8. Let d be u(6). Give w(d).
28
Let b be 260/117 + (-4)/18. Let t(z) = -42*z**2 + 42*z**2 + b*z + z**3 + 1. Calculate t(-1).
-2
Let x be 5/((-75)/(-6)) - (-4103)/55. Let n = x - 76. Let h(m) = -m**3 + 1 + 5*m**3 + 3*m - m. Determine h(n).
-5
Suppose -5*g - 334 = -209. Let j(u) = 2*u + 60. What is j(g)?
10
Suppose -5*a - 273 = -303. Let o(u) = 10*u - 63. What is o(a)?
-3
Let b(z) = 456830 + z - 456774 + 7*z. Give b(-10).
-24
Let d(i) = i**2 + 3*i + 3. Suppose -111 = 3*k - 3*v, 17 = -7*k + 6*k - 4*v. Let c(q) = -q + 5. Let h be c(3). Let l be 22/(-12)*h - 22/k. What is d(l)?
3
Let v(a) = -a**3 + 8*a**2 - 8*a - 2. Let q(j) = 4*j**3 - 32*j**2 + 33*j + 7. Let w = 93 + 16. Let i = -111 + w. Let d(o) = i*q(o) - 9*v(o). Determine d(7).
-3
Let n(o) = -o**3 + 1. Let q = 106 + -53. Let j be 4/(-18) + 25592/(-504). Let r = j + q. Calculate n(r).
-7
Let g(c) = 7 + 1621*c - 3 - 1 - 8 - 1650*c. Calculate g(-1).
24
Let m = 16 + -5. Suppose m*f = 6*f - 20. Let q(a) = -79*a**2 + 5*a + 19*a**2 + 32*a**2 + 29*a**2. Give q(f).
-4
Let q(x) = x**3 - 8*x**2 + 6*x - 13. Let r be q(9). Suppose 4*b + 5*i = -r, 0 = -i - i + 4. Let t = b - -29. Let a(k) = -k - 2. Determine a(t).
2
Suppose -2*v = o - 5, -o - 5*v - 1 = -3*o. Let p(w) = 5*w - 12. Let h be p(o). Let t(x) = -x + 2. Determine t(h).
-1
Let u(g) = -g**3 + 3*g**2 + 3*g + 5. Let m(d) = 2*d**3 + 3*d**2 - 7*d - 5. Let j be m(-4). Suppose 671 = -284*h + 295*h. Let q = j + h. Calculate u(q).
1
Let n(j) = j**3 - 35*j**2 + 3*j - 33. Let b be n(35). Let r be 0 - (b/30)/((-2)/(-5)). Let p(g) = -g**2 - 5*g + 15. Give p(r).
9
Let o(k) be the first derivative of k**3/3 - 3*k**2/2 - 2*k - 9. Let c(x) = x + 8. Let r be c(6). Suppose -g + 2 = 2*a - 4, -r = -3*a + g. Give o(a).
2
Suppose 0 = -36*b + 34*b + 4. Let a(w) = w**3 + w - 7 - 2*w**3 - 2*w**b + 8 - 2*w**2. Determine a(-4).
-3
Let h(c) be the first derivative of c**4/4 + 2*c**3 - 19*c**2/2 - 20*c + 596. Determine h(-8).
4
Suppose -2*b + 325 = -3*u, u + 97 = -3*b - 2*b. Let n = u - -102. Let a(l) = -l**2 - 1. Calculate a(n).
-26
Let d(l) = -l**3 + 2*l**2 - 11*l + 6. Let z = 33550 + -33545. What is d(z)?
-124
Let t = -50 + 50. Let q be 15 + -14 - (0 - (1 + t)). Let g(n) = 4*n**2 + 0*n - 5*n**q + 5*n + 8 - n. Calculate g(6).
-4
Let s(q) = -65*q**2 + 10*q + 15 - 17 + q - 13*q. Determine s(-1).
-65
Let r(u) = -18*u - 101. Suppose 5*s = 5*w - 55, 11*s - 5*w = 17*s + 11. Give r(s).
7
Let h = -9462 - -9462. Let b(r) = r**3 + 4*r**2 - r + 13. Calculate b(h).
13
Suppose 3*b = 17*b + 2492. Let v = b + 165. Let d(s) = -s - 15. Determine d(v).
-2
Let y(w) = -24*w**2 + 77 - 56 - 9*w - 15*w**2 + 38*w**2. What is y(-11)?
-1
Let l(h) = -h**3 - 2*h**2 + 4*h + 3. Suppose y - o - 16 = -4*o, o = -2*y + 32. Suppose -45 = -b + y*b. Determine l(b).
0
Let r be 1/(5/(-15)*-1) + 30. Let j(b) = 1 + 0*b + 26*b**2 + r*b**2 + 4*b - 60*b**2. Calculate j(4).
1
Let r(x) = x**2 - 12*x - 83. Suppose -41 = j - 58. Let w be r(j). Let k(g) = 4*g**2 + 2*g - 1. Determine k(w).
19
Let t = -3 - -6. Suppose -3*a + 121 = 4*u, -5*a = 2*u + 29 - 86. Let z(j) = -4 - u*j + 12*j + 8*j + 14*j. Calculate z(t).
5
Let a(y) = -27*y + 85 + 20*y - 53 - 36 - y**2. What is a(-8)?
-12
Let m(q) = -6 - 34*q + 8*q**2 + 15*q + 14*q + 9*q + 2. Determine m(1).
8
Let a(i) = -14*i + 23. Let x(w) = -2*w**3 - w**2 - 6. Let o be x(-2). Determine a(o).
-61
Suppose -l = 3*y - 25, -4*y + 68 = -3*l + 104. Let u(h) = -h**2 + 25*h - 153. Determine u(l).
-9
Let u(k) be the first derivative of 10*k**3/3 - k**2/2 - k + 1. Suppose 3*g + 68 = -4*h + 8*h, 5*h + 3*g - 112 = 0. Let p be -4*((-175)/h + 9). Give u(p).
10
Let g(i) be the third derivative of -i**4/12 - 150*i**2. Let u be 1/(-3 - 55/(-18)). Let h be (-12)/7 - u/63. What is g(h)?
4
Let z(v) = -148 - 5830*v + 2912*v + 2846*v. Give z(-2).
-4
Let h(f) be the third derivative of -f**4/24 - 2*f**3/3 - 1238*f**2. Give h(-1).
-3
Let v(a) = a**2 - 14*a - 3. Let p = -14838 + 14844. What is v(p)?
-51
Let x(q) be the first derivative of q**5/30 + q**3/6 - 3*q**2/2 - q - 51. Let w(g) be the second derivative of x(g). What is w(-3)?
19
Suppose -5*i + 1 = 2*u - 17, 0 = -5*i - 5*u + 15. Let h(m) = -m + 24 - 11 - 8 - 3*m. Let x(w) = -w. Let l(t) = h(t) - 3*x(t). Determine l(i).
1
Let o(g) = -4*g**2 + 3*g**2 + 21*g + 48869 - 48930. Let j be o(18). Let l(c) = -c**3 - 6*c**2 + 7*c + 2. Give l(j).
2
Suppose -4*m - 6 + 0 = 18. Let t(s) = -s**3 - 6*s**2 + 3*s + 30. Calculate t(m).
12
Let a(y) = -y**3 - 17*y**2 + 13. Let k be a(-17). Suppose 4*t + 33 = 5*g + 76, 2*g + k = t. Let d(z) = -z**2 - t - 3*z + 15 - 11. What is d(-2)?
-1
Let m(t) = t**3 - 17*t**2 - 36*t - 39. Let w = 22919 + -22900. Give m(w).
-1
Let v(o) = -o - 8. Let y(x) = -2 + 5 - 15 - 2*x. Let m(h) = 3*v(h) - 2*y(h). Determine m(-4).
-4
Suppose 11*f - 825 = 14*f. Let c = f + 275. Let z(d) = d**2 - d + 9. What is z(c)?
9
Suppose -7*q + 140*q + 590 = 15*q. Let m(n) be the third derivative of -5*n**4/24 - n**3 - n**2. Give m(q).
19
Let g(n) be the first derivative of 5*n**2/2 - 15*n + 558. Determine g(3).
0
Let s(l) be the third derivative of 0 + 12*l + 5/2*l**3 + l**2 + 1/12*l**4. Determine s(-7).
1
Suppose 3*p - 5*u = -2 - 4, -u + 18 = 5*p. Suppose 5*z - 825 = -6*z. Let v(k) = -k + 2*k - 77*k**2 + z*k**2. Determine v(p).
-15
Suppose o = 2*b - 10, -4*o + 2*b - 18 = o. Let d be (-21)/9 + o/3. Let y be ((-6)/d)/((-14)/21). Let v(m) = m**2 + 3*m - 4. Determine v(y).
-4
Let x(d) = 2*d**3 + 5*d**2 - 3*d + 2. Let v be 6*(-143)/78 - -7. Calculate x(v).
-34
Suppose 0 = -2*d, -m = 2*d + 2*d - 3. Let z = -44 + 50. Suppose -45 = -z*v + m. Let f(j) = j**3 - 8*j**2 - 5. Calculate f(v).
-5
Let g(j) be the second derivative of 17*j**5/20 - j**4/4 + 1981*j. Give g(2).
124
Suppose 0 = -2*i - 4*y + 9 + 5, 0 = -i + 2*y + 15. Suppose 0 = -12*r + i*r + 7. Let a(w) = 5*w**3 - 2*w**3 - 5*w**3 - r + 6*w - 5*w**2 + w**3. Calculate a(-6).
-7
Let j be (-135)/(-12) + (-19 - (-1125)/60). Let g(f) = 5*f - 6. Give g(j).
49
Let c be 12 + -5 - (4 + 5/1). Let j(m) = -11*m**3 + m + 4. Give j(c).
90
Let l(x) = 4*x**2 + 6 + 30454*x + 13 - 30467*x. Let j(s) = -4*s**2 + 11*s - 16. Let r(k) = 7*j(k) + 6*l(k). Calculate r(-2).
-12
Let f(p) = 9*p**2 + p**3 - 2*p**3 - 1328 + 1333. Suppose 3*a + 4*l - 43 = 0, 0 = 3*a + 3*l - 8*l - 7. What is f(a)?
5
Let n(q) = q**3 - 21*q**2 + 17*q + 57. Suppose 40 = 2*a + 3*h - 15, -2*h + 30 = a. Give n(a).
-3
Let c(r) = -22*r**2 - 9*r - 3. Let n(l) = -7*l**2 - 3*l - 1. Let k(p) = -2*c(p) + 7*n(p). Let d(b) = -b**2 + 2*b + 1. Let g be d(-1). Give k(g).
-15
Let h(o) = 4 + 1 - 7 + o**2 - 2*o. Let k be 4/5*45/(-18). Calculate h(k).
6
Let c(d) = -27*d**3 + 45*d**2 - 64*d 